{"id":191,"date":"2023-05-12T09:23:27","date_gmt":"2023-05-12T09:23:27","guid":{"rendered":"https:\/\/sudskitumaccg.com\/?page_id=191"},"modified":"2023-09-11T10:40:39","modified_gmt":"2023-09-11T10:40:39","slug":"kako-poruciti-prevod-2","status":"publish","type":"page","link":"https:\/\/sudskitumaccg.com\/?page_id=191","title":{"rendered":"Kako poru\u010diti prevod?"},"content":{"rendered":"<p>[et_pb_section fb_built=&#8221;1&#8243; admin_label=&#8221;Service Section&#8221; _builder_version=&#8221;4.21.0&#8243; _module_preset=&#8221;default&#8221; background_color=&#8221;#f7f7f7&#8243; custom_margin=&#8221;|||&#8221; custom_padding=&#8221;61px||8px|||&#8221; global_colors_info=&#8221;{}&#8221;][et_pb_row _builder_version=&#8221;4.18.0&#8243; _module_preset=&#8221;default&#8221; global_colors_info=&#8221;{}&#8221;][et_pb_column type=&#8221;4_4&#8243; _builder_version=&#8221;4.18.0&#8243; _module_preset=&#8221;default&#8221; global_colors_info=&#8221;{}&#8221;][et_pb_text _builder_version=&#8221;4.18.0&#8243; _module_preset=&#8221;default&#8221; header_font=&#8221;|700|||||||&#8221; header_font_size=&#8221;62px&#8221; global_colors_info=&#8221;{}&#8221;]<\/p>\n<h1>Kako poru\u010diti prevod?<\/h1>\n<p>[\/et_pb_text][\/et_pb_column][\/et_pb_row][\/et_pb_section][et_pb_section fb_built=&#8221;1&#8243; admin_label=&#8221;Service Section&#8221; _builder_version=&#8221;4.21.0&#8243; _module_preset=&#8221;default&#8221; background_color=&#8221;#ffffff&#8221; custom_margin=&#8221;|||&#8221; custom_padding=&#8221;33px||110px|||&#8221; global_colors_info=&#8221;{}&#8221;][et_pb_row make_equal=&#8221;on&#8221; admin_label=&#8221;Services&#8221; _builder_version=&#8221;4.21.0&#8243; _module_preset=&#8221;default&#8221; background_size=&#8221;initial&#8221; background_position=&#8221;top_left&#8221; background_repeat=&#8221;repeat&#8221; custom_padding=&#8221;25px||25px|&#8221; global_colors_info=&#8221;{}&#8221;][et_pb_column type=&#8221;4_4&#8243; _builder_version=&#8221;4.16&#8243; _module_preset=&#8221;default&#8221; custom_padding=&#8221;|||&#8221; global_colors_info=&#8221;{}&#8221; custom_padding__hover=&#8221;|||&#8221;][et_pb_text _builder_version=&#8221;4.21.0&#8243; _module_preset=&#8221;default&#8221; text_font_size=&#8221;15px&#8221; custom_margin=&#8221;||53px|||&#8221; global_colors_info=&#8221;{}&#8221;]<\/p>\n<p>\u00a0Na veoma jednostavan na\u010din mo\u017eete poslati i dobiti ovjeren prevod. U tome nam poma\u017eu moderne tehnologije.<\/p>\n<p>Da biste dobili ovjereni prevod, potrebno je samo da nam po\u0161aljete \u017eeljeni dokument-tekst na na\u010din koji Vam najbolje odgovara:<\/p>\n<p>putem e-maila, Viber aplikacije, WhatsApp aplikacije ili tekst mo\u017eete donijeti na navedenu adresu.<\/p>\n<p>\u00a0<strong>Kontakt telefon: <span>+382 67 811 765 &#8211; Viber, WhatsApp<\/span><\/strong><\/p>\n<p>Nakon dostavljanja dokumenta-teksta, \u00a0brzo izvr\u0161imo se procjenu i u kratkom roku dobijate informaciju o cijeni.<\/p>\n<p>Naj\u010de\u0161\u0107e, ovjeren prevod dobijate dan nakon dostavljanja teksta.<\/p>\n<p>U slu\u010daju hitnih prevoda ili obimnijih tekstova,\u00a0 za vrijeme dostavljanja prevoda vr\u0161imo po\u00a0 dogovoru.<\/p>\n<p>[\/et_pb_text][et_pb_image src=&#8221;https:\/\/sudskitumaccg.com\/wp-content\/uploads\/2023\/05\/kako-poruciti-prevod-dokumenta.png&#8221; title_text=&#8221;kako-poru\u010diti-prevod-dokumenta&#8221; _builder_version=&#8221;4.21.0&#8243; _module_preset=&#8221;default&#8221; global_colors_info=&#8221;{}&#8221;][\/et_pb_image][\/et_pb_column][\/et_pb_row][\/et_pb_section]<\/p>\n","protected":false},"excerpt":{"rendered":"<p>Kako poru\u010diti prevod?\u00a0Na veoma jednostavan na\u010din mo\u017eete poslati i dobiti ovjeren prevod. U tome nam poma\u017eu moderne tehnologije. Da biste dobili ovjereni prevod, potrebno je samo da nam po\u0161aljete \u017eeljeni dokument-tekst na na\u010din koji Vam najbolje odgovara: putem e-maila, Viber aplikacije, WhatsApp aplikacije ili tekst mo\u017eete donijeti na navedenu adresu. \u00a0Kontakt telefon: +382 67 811 [&hellip;]<\/p>\n","protected":false},"author":1,"featured_media":0,"parent":0,"menu_order":0,"comment_status":"closed","ping_status":"closed","template":"","meta":{"_et_pb_use_builder":"on","_et_pb_old_content":"","_et_gb_content_width":"","footnotes":""},"class_list":["post-191","page","type-page","status-publish","hentry"],"_links":{"self":[{"href":"https:\/\/sudskitumaccg.com\/index.php?rest_route=\/wp\/v2\/pages\/191","targetHints":{"allow":["GET"]}}],"collection":[{"href":"https:\/\/sudskitumaccg.com\/index.php?rest_route=\/wp\/v2\/pages"}],"about":[{"href":"https:\/\/sudskitumaccg.com\/index.php?rest_route=\/wp\/v2\/types\/page"}],"author":[{"embeddable":true,"href":"https:\/\/sudskitumaccg.com\/index.php?rest_route=\/wp\/v2\/users\/1"}],"replies":[{"embeddable":true,"href":"https:\/\/sudskitumaccg.com\/index.php?rest_route=%2Fwp%2Fv2%2Fcomments&post=191"}],"version-history":[{"count":4,"href":"https:\/\/sudskitumaccg.com\/index.php?rest_route=\/wp\/v2\/pages\/191\/revisions"}],"predecessor-version":[{"id":213,"href":"https:\/\/sudskitumaccg.com\/index.php?rest_route=\/wp\/v2\/pages\/191\/revisions\/213"}],"wp:attachment":[{"href":"https:\/\/sudskitumaccg.com\/index.php?rest_route=%2Fwp%2Fv2%2Fmedia&parent=191"}],"curies":[{"name":"wp","href":"https:\/\/api.w.org\/{rel}","templated":true}]}}